and 51338?
38
Calculate the highest common divisor of 12 and 17133.
3
What is the highest common divisor of 48 and 127188?
12
Calculate the greatest common divisor of 540 and 80100.
180
What is the greatest common factor of 2236 and 234?
26
What is the greatest common divisor of 55477 and 29?
29
What is the highest common factor of 1234220 and 2444?
2444
Calculate the highest common divisor of 1308 and 4812.
12
What is the greatest common factor of 4642 and 66?
22
Calculate the greatest common divisor of 646758 and 84.
42
Calculate the highest common divisor of 15244 and 1739.
37
Calculate the greatest common divisor of 8209 and 4.
1
What is the greatest common factor of 426318 and 2?
2
Calculate the highest common divisor of 15966 and 18.
18
Calculate the highest common factor of 618 and 444.
6
What is the highest common divisor of 49181 and 2104?
263
Calculate the highest common divisor of 5352 and 5280.
24
What is the highest common divisor of 4312 and 245?
49
Calculate the highest common divisor of 559 and 2376309.
559
What is the highest common divisor of 119924 and 8?
4
What is the greatest common factor of 2 and 34135?
1
What is the highest common factor of 54692 and 220?
44
What is the greatest common divisor of 3068 and 4719?
13
What is the highest common divisor of 1197511 and 49?
49
What is the highest common divisor of 104 and 698504?
8
What is the highest common factor of 42 and 40544?
14
What is the greatest common divisor of 564 and 12297?
3
What is the greatest common divisor of 51831 and 9360?
117
What is the highest common divisor of 484 and 124388?
484
Calculate the greatest common divisor of 15056 and 7808.
16
Calculate the greatest common factor of 179984 and 224.
112
Calculate the greatest common divisor of 282 and 451623.
141
What is the highest common divisor of 77 and 191972?
11
What is the greatest common divisor of 3149200 and 48?
16
Calculate the highest common factor of 1625 and 21775.
325
What is the greatest common factor of 55754 and 122?
122
Calculate the highest common divisor of 2415 and 2205.
105
Calculate the highest common factor of 2449 and 85591.
31
What is the greatest common factor of 363 and 26851?
11
What is the highest common divisor of 47656 and 1295?
259
Calculate the greatest common divisor of 7 and 880691.
7
What is the greatest common factor of 450 and 388980?
90
Calculate the highest common divisor of 1251 and 12861.
9
What is the greatest common factor of 1200 and 251800?
200
What is the greatest common factor of 202443 and 6?
3
Calculate the highest common factor of 10 and 12892.
2
What is the greatest common divisor of 3616 and 176096?
32
Calculate the greatest common divisor of 18 and 1536669.
9
Calculate the highest common divisor of 20060 and 850.
170
What is the greatest common factor of 117180 and 31?
31
What is the highest common factor of 1263242 and 214?
214
What is the highest common factor of 399 and 5529?
57
What is the greatest common factor of 13037355 and 405?
405
Calculate the greatest common divisor of 1356 and 800718.
678
What is the highest common divisor of 37 and 1087?
1
What is the greatest common factor of 7296 and 240?
48
Calculate the highest common factor of 3801 and 4683.
21
What is the greatest common divisor of 185387 and 89?
89
What is the highest common divisor of 57496 and 56?
8
What is the greatest common divisor of 88 and 18700?
44
Calculate the greatest common divisor of 18370 and 440.
110
What is the greatest common divisor of 5548679 and 47?
47
What is the highest common divisor of 1425 and 31065?
285
What is the highest common divisor of 276 and 390356?
92
What is the highest common divisor of 24 and 2910?
6
What is the greatest common divisor of 2162 and 1817?
23
Calculate the highest common divisor of 1377848 and 1856.
232
Calculate the greatest common factor of 1289299 and 11.
11
What is the greatest common divisor of 13666356 and 22?
22
What is the greatest common factor of 281094 and 96?
6
What is the highest common divisor of 4 and 480652?
4
Calculate the greatest common factor of 7168 and 3780.
28
What is the highest common factor of 11230 and 10?
10
Calculate the highest common divisor of 21 and 56399.
7
Calculate the highest common divisor of 246 and 544644.
246
Calculate the highest common factor of 728 and 2288.
104
Calculate the highest common divisor of 174998 and 204.
34
What is the greatest common divisor of 115397 and 167?
167
Calculate the greatest common factor of 4804293 and 1833.
1833
Calculate the highest common factor of 137 and 123026.
137
Calculate the highest common factor of 39 and 18499.
13
Calculate the highest common divisor of 88 and 1133.
11
Calculate the highest common factor of 9984 and 1144.
104
What is the highest common factor of 7728 and 1?
1
Calculate the greatest common divisor of 50 and 13010.
10
What is the highest common factor of 24 and 185?
1
Calculate the highest common factor of 229800 and 72.
24
Calculate the greatest common divisor of 21 and 141218.
7
Calculate the highest common factor of 1152405 and 315.
45
What is the greatest common factor of 38 and 44593?
19
Calculate the highest common divisor of 303300 and 4.
4
What is the greatest common factor of 77033 and 21197?
517
Calculate the highest common divisor of 5729 and 51.
17
What is the highest common factor of 769 and 31529?
769
What is the greatest common factor of 21224 and 10991?
379
Calculate the highest common factor of 54400 and 31025.
425
What is the highest common divisor of 344 and 6472?
8
What is the highest common divisor of 560 and 27860?
140
Calculate the greatest common factor of 2 and 58950.
2
Calculate the greatest common factor of 8 and 905938.
2
Calculate the highest common factor of 512278 and 12376.
442
What is the highest common divisor of 8246 and 406?
14
Calculate the highest common divisor of 12095 and 492.
41
What is the greatest common divisor of 11760 and 816?
48
What is the greatest common divisor of 2451 and 645?
129
What is the highest common factor of 42292 and 10088?
388
Calculate the greatest common factor of 38300 and 40981.
383
Calculate the highest common factor of 93038 and 550.
22
What is the highest common divisor of 172909 and 121?
121
Calculate the highest common divisor of 1194 and 493520.
398
What is the highest common divisor of 1266975 and 7508?
1877
What is the greatest common divisor of 5842 and 1778?
254
Calculate the greatest common factor of 2053509 and 138.
69
Calculate the greatest common divisor of 3612112 and 84.
28
Calculate the highest common factor of 6157 and 24346.
47
What is the greatest common factor of 36120 and 4725?
105
What is the greatest common factor of 42201 and 108?
27
Calculate the greatest common factor of 168 and 30387.
21
What is the highest common factor of 108 and 258732?
36
What is the highest common divisor of 14 and 54754?
14
Calculate the highest common divisor of 7739 and 1090.
109
Calculate the greatest common divisor of 410270 and 35.
35
Calculate the highest common factor of 18122 and 832.
26
Calculate the highest common divisor of 84 and 602154.
42
What is the highest common divisor of 230 and 718750?
230
What is the highest common divisor of 19 and 1069795?
19
What is the greatest common divisor of 20784 and 1068?
12
What is the highest common divisor of 945 and 85365?
315
What is the highest common factor of 196 and 960?
4
Calculate the greatest common divisor of 167 and 684032.
167
Calculate the highest common divisor of 309663 and 1863.
81
Calculate the greatest common factor of 44768 and 1936.
16
Calculate the highest common factor of 3978462 and 148.
74
Calculate the highest common divisor of 31206 and 336.
42
What is the greatest common factor of 846 and 201489?
141
What is the highest common factor of 411 and 46443?
411
What is the highest common divisor of 11176 and 96?
8
Calculate the greatest common divisor of 14743 and 69.
23
What is the highest common divisor of 103 and 7467191?
103
What is the highest common divisor of 27163 and 391?
23
Calculate the greatest common factor of 32955 and 30.
15
What is the highest common divisor of 66 and 81939?
33
Calculate the greatest common factor of 2 and 37724.
2
What is the highest common factor of 207 and 395